5 + -37)?
-1
-1 - (2 - 2) - (-6 - 1)
6
Calculate -2 - (-1 + 3 + -5).
1
What is the value of (1 - -7) + (13 - (31 - 16))?
6
-10 - (-8 + 12 + -5 + -4)
-5
Evaluate -1 + 7 - (9 + 2 + -8).
3
-1 - (1 + 2 + -8)
4
Evaluate (-1 - (2 + -3)) + -2 + -1.
-3
What is the value of -4 + 3 + 4 + -1 + -2?
0
14 - (15 - (1 - -6))
6
Evaluate -6 + (7 - 2) + (0 - 1).
-2
Calculate 1 + 5 - (-10 - -18).
-2
-4 - (7 - 5 - 2 - 0)
-4
Evaluate 2 - (-1 + (-4 - -6) + -1).
2
What is the value of 3 + (-4 - -2 - 1) + 4?
4
-3 - 2 - 0 - (-3 + 3)
-5
What is -4 + 13 - ((4 - 5) + 6)?
4
0 + -5 + 2 + (9 - -5)
11
2 + (-5 - -8 - -2) + -12
-5
What is (8 + -2 - 0 - 0) + -4?
2
Calculate -7 + 7 + -5 + 2.
-3
Calculate 0 + 2 + (1 + -14 - -5).
-6
Calculate -5 + 11 + (-6 - -2).
2
Evaluate -3 + (1 - 5) + 0 + 0.
-7
What is the value of -4 - (-4 + 3) - (-8 - 0)?
5
What is the value of (-49 - -50) + (-7 - 0) + 2?
-4
(-2 - -2) + 2 - 0 - 2
0
Evaluate 1 - -3 - (1 - (1 + -4)).
0
Evaluate 4 + 3 + -12 + 10.
5
Calculate (-5 - -27 - 11) + -1.
10
What is the value of 2 - 1 - (3 + 0)?
-2
(6 - (11 - 5) - -1) + 5
6
(-12 + -3 - -13) + -3 + 0
-5
What is 6 + (5 - 9) - (1 - -1)?
0
12 - 10 - (0 + (0 - 0))
2
What is -1 + (-2 - -4) + -5?
-4
What is the value of (-14 - -8) + -3 + 7?
-2
Calculate -1 - (6 + -4 + 1).
-4
Calculate (-4 - 0) + 5 + 3 - 5.
-1
What is 2 + (-3 - (5 - 1))?
-5
Calculate 2 + (3 - 1 - (6 + -6)).
4
9 + -5 + -12 - -13
5
Evaluate (-3 - (8 + -4)) + 2 - -5.
0
Calculate (10 + -5 + 0 - 7) + 8.
6
What is 3 + 2 + (2 + -1 - 3)?
3
-1 - (1 + -3 + -2 + -1)
4
Evaluate 5 + -5 + (-6 - -11) + -1.
4
What is the value of -5 - (-2 + -1 + 1)?
-3
Calculate -6 + 3 + (3 - 4) + 2.
-2
-4 - 0 - (95 - 99)
0
Calculate (-12 - ((-2 - 4) + 0)) + 0.
-6
What is (-2 - 7) + -2 - -3?
-8
What is the value of -6 - (-9 - (7 - 4))?
6
Calculate 3 - (2 - -7) - -4.
-2
What is the value of -10 - (-7 + (4 - (-6 - -6)))?
-7
-4 - (-1 + (-2 - 1))
0
What is 1 + 0 + (2 - 0) - 2?
1
Evaluate (-5 - (-6 + 8)) + 15 - 3.
5
Calculate (5 - 4) + 0 - (-1 - 0).
2
Evaluate (0 + 5 - 10) + 8.
3
Evaluate -5 + 2 + -1 + 4.
0
(0 - -2) + (2 - 8)
-4
What is 1 + 1 - 1 - 0?
1
What is the value of 24 + -20 - (0 + 1)?
3
What is 0 + 0 + 4 + -1?
3
2 + -9 + (-9 - 0 - -9)
-7
What is the value of -9 + 5 + (0 - -1) + 4?
1
What is -82 + 74 + 0 + 4?
-4
What is the value of 4 + (2 - 2) + (-6 - -5)?
3
Calculate (-13 - (-4 - 1)) + 10.
2
Calculate 3 + -4 + 6 + -2.
3
Calculate -6 + (1 - (-3 + -1)).
-1
What is (-13 - -2 - -5) + 4 - 4?
-6
-1 + -3 + -1 + -1 + 2
-4
-8 - (3 + (1 - 3) + -5)
-4
Calculate 0 + 5 + (-21 - (3 + -21)).
2
Evaluate -5 - (4 - (-3 + (-1 - -12))).
-1
Calculate 0 + (1 - 4) - 1 - -3.
-1
Evaluate 22 - 11 - 13 - 4.
-6
What is 0 + 0 + 2 + (-8 - 0)?
-6
Evaluate 14 + 0 + (6 - 11) + -2.
7
Calculate (-1 - (2 - 0)) + 5 + -5.
-3
What is the value of 3 - (4 + -3) - (8 - 7)?
1
Evaluate -10 - (3 - (17 - 7)).
-3
What is the value of -6 - -4 - (1 - 5)?
2
What is the value of -1 + -3 + (5 - 1) + 0?
0
What is 3 + (-15 - (-17 + 12))?
-7
Calculate -2 - (-1 + 2 + -3 - 1).
1
What is 5 + 0 + -3 - (11 - 8)?
-1
What is -1 + 8 + (-2 - -5 - 16)?
-6
(-3 - -2) + -1 + -3
-5
Calculate -8 + (-4 - (-7 + 5 - 5)).
-5
0 + (6 - 16 - -6 - -9)
5
What is -24 - -31 - ((0 - 2) + 2)?
7
Evaluate (12 - (27 + -9)) + (-1 - -4).
-3
Evaluate 0 - (2 + -3 + (-8 - -7)).
2
What is 4 + (2 - 10) - (-4 - 2)?
2
What is (0 - -2) + (0 - (-1 + -2))?
5
What is the value of -4 + 11 + -9 + 4?
2
Evaluate -5 + (3 - 3) + 2 - -2.
-1
What is the value of (0 - 3) + 1 + -3 + 0?
-5
Evaluate -19 - -16 - (-2 - -6).
-7
2 - (-1 + -8 - -5 - -3)
3
Evaluate -8 + (8 - 4 - -2) + -5.
-7
-2 + 1 + 2 + -5 + 0
-4
What is 7 + 1 + -1 + -7?
0
Calculate -7 + (-11 - -5) + 10.
-3
(1 - 1) + (-7 - 12 - -27)
8
What is the value of (5 - 4) + -6 + 3?
-2
What is the value of 335 - 329 - (-7 - (0 + -2))?
11
What is the value of (-20 - -19) + (-1 - 2) - -1?
-3
What is the value of (16 - 5 - 9) + -5?
-3
Calculate -3 - (-4 + -1) - (-1 + -2).
5
What is -12 + 6 + 9 + 8?
11
Calculate (3 - (1 + 9)) + 11.
4
Evaluate -20 - -15 - (0 - (-1 + 3)).
-3
Evaluate 3 + 4 + (-11 - -7).
3
Calculate 4 - 2 - 2 - (5 - 3).
-2
Evaluate -13 - -17 - (-4 - 0 - -2).
6
2 + -2 + 0 + 1
1
-1 + 8 + (20 - 20) + -5
2
Calculate -6 - (-4 - 3) - (6 + -7).
2
Calculate 12 + -7 - (3 + -3).
5
Evaluate 2 + -7 + -5 + 4.
-6
What is the value of 13 + -10 + -2 - 8?
-7
What is 2 - (-11 + (3 - -8))?
2
What is (-11 - -3) + (1 - -7)?
0
Calculate 4 - (-6 - -4 - -1).
5
What is the value of (-4 - (6 + -10)) + -3 + -1?
-4
4 + 2 + -2 - (16 + -9)
-3
4 - (15 - (0 + 8))
-3
0 + -1 - (0 + -3 + -2)
4
What is -1 - -10 - (7 + -14 - -6)?
10
What is 3 + (-16 - -4) + 14?
5
What is -1 - (-1 - -5) - (8 - 11)?
-2
Evaluate (2 - -3) + -5 - -1.
1
What is 1 - (-3 + 1) - 9?
-6
What is 4 + 2 + 2 + -6 + -5?
-3
What is 2 - -6 - (-3 + 8)?
3
Calculate -2 - -4 - (-78 - -83).
-3
What is the value of (-2 - (-2 - -4)) + 1?
-3
What is 6 - (2 - -9 - 3)?
-2
Calculate -5 + (1 - -6) - 1.
1
3 - ((-5 + 1 - -2) + 1)
4
Calculate (-9 - -26) + -13 - -3.
7
What is the value of -3 + -8 + -1 + 7?
-5
What is (-3 - -5) + -7 - -2?
-3
-1 - (-1 + 0 + 1) - 4
-5
What is 4 + 8 - 1 - 20?
-9
Calculate (1 - 5) + 10 + -9 + 0.
-3
What is the value of 1 - (6 - 4) - -5?
4
Calculate -7 + (9 - 4) + -2.
-4
-37 + 34 - (-2 + 0)
-1
What is the value of (10 - 8) + 1 + -3?
0
What is the value of -2 + (-3 - -6) + (-13 - -7)?
-5
Evaluate -1 + 1 + -2 - (109 - 105).
-6
What is the value of 9 - (10 - (14 - 9))?
4
What is the value of (24 - 5) + (-25 - -17)?
11
Evaluate ((7 - 0) + -3 - -5) + -5.
4
-1 + (-6 - (5 - 10))
-2
Calculate 4 + -4 - 5 - -5 - -4.
4
-3 + (-1 - -5) - (3 - -1)
-3
Calculate (4 - 4) + -2 - (-1 + 2).
-3
What is the value of -6 + -10 - (-2 - 7)?
-7
Evaluate -15 - (9 - (30 + -12)).
-6
(-1 - (-8 + 0)) + (104 - 106)
5
-5 - 0 - (-7 + -3)
5
What is -2 + -3 + 7 - (0 + 0)?
2
Calculate 8 + 0 - (-16 + 23).
1
(0 - -1) + -9 + 10 + 1
3
Calculate -8 - (4 - (13 + -6)).
-5
What is the value of 21 + -28 + -1 + (2 - -1)?
-5
What is the value of 9 - (0 - (-5 + (-5 - -7)))?
6
What is -1 + 0 + -3 + 0 + 2?
-2
Evaluate (1 - (3 - 0)) + 0 - 2.
-4
What is the value of 7 + -2 + 0 - 1?
4
-8 - (1 + (-11 - -5))
-3
-2 + (-6 - 0 - -3)
-5
Calculate 2 - (4 + -3 + 4 - 2).
-1
-3 + 4 - (-3 + (5 - 2))
1
Calculate -30 + 31 - (-3 + 0) - 6.
-2
-2 - (2 + (-2 - -2))
-4
What is the value of -1 + 2 + (3 - 2)?
2
What is (14 - 4 - 2) + -4?
4
Calculate 1 + 1 + -4 + -3.
-5
What is the value of -8 + -2 + 16 - 13 - 2?
-9
What is 7 - (6 - 2) - 1?
2
Evaluate 6 + -1 - (38 - 31).
-2
Calculate (-3 - -13 - -1) + -5.
6
What is the value of -4 + (-7 - -11) + 5?
5
Calculate 4 - 7 - ((8 - 4) + -7).
0
What is 3 - (8 + -5 + -3)?
3
What is the value of -7 + 11 - (7 + 0)?
-3
Evaluate 0 - (-4 + 0 + 4 + -3).
3
Evaluate 0 + (0 - (9 + (-4 - 1))).
-4
What is 0 + (-4 - -2) + 0 + 3?
1
Calculate 2 - (5 + 4 + -6).
-1
What is 0 + -6 - (11 + 1 + -21)?
3
What is -10 + 12 + -2 + -1 + 5?
4
Evaluate -3 - (-4 + 8) - -5.
-2
What is -3 - (-13 + 6 + 2 + 7)?
-5
Evaluate -1 - (7 + 4 - 5).
-7
What is -3 - ((4 - 4) + -6 + 5)?
-2
What is -1 - -2 - (1 + -2 - 3)?
5
Calculate 2 - 6 - (4 + -16 - -2).
6
0 - -4 - (7 + -5)
2
What is -2 + 14 + -15 + 2 + -2?
-3
Evaluate 15 + -13 + 6 + -6.
2
What is the value of (-62 - -55) + 0 + 1?
-6
-46 - -53 - (3 + 1)
3
Calculate -13 + 7 + 5 + 7 - 6.
0
What is the value of (0 - 2) + -2 - -3?
-1
(-19 - -15) + -3 + 15
8
What is the value of -4 - (0 - 5 - -5 - 6)?
2
What is -3 - -6 - 8 - (0 + -1)?
-4
What is the value of -11 + (-1 - 7 - -6) + 5?
-8
What is 1 + (-7 + 8 - (3 + -1))?
0
What is the value of 17 + -4 - (17 - 1)?
-3
What is 6 + -10 + 2 + 3?
1
What is the value of -4 - (-5 + -8) - (-3 - -1)?
11
What is (2 - (-6 - (6 + -14))) + 2?
2
Evaluate -1 + 0 + (4 - (1 - 1)).
3
Evaluate 4 + -1 + -3 - 1.
-1
(1 - (4 + 3)) + (-2 - -4)
-4
Evaluate 2 + 3 + 2 + -11 + 2.
-2
Calculate 25 + (-25 - -4) - (16 + -1).
-11
Evaluate -12 - -14 - (0 + 2).
0
What is the value of (2 - 4) + 5 + -1?
2
What is (-10 - (2 - 7)) + -3 - -2?
-6
Evaluate -61 - -68 - (2 + (4 - 1)).
2
Evaluate 0 - 1 - (-2 + -6 - -9).
-2
What is the value of 18 - ((17 - 6) + -1 + -1)?
9
Calculate 1 + -7 + 4 + (2 - -1).
1
Calculate (6 - (2 + 2)) + -4.
-2
Calculate 15 + -14 + (1 - 5).
-3
4 + (0 - 8) - -6
2
What is (-42 - -38) + (4 - 1) + 7?
6
Evaluate -1 + -2 + 1 + (94 - 96).
-4
What 